{"version":"1.0","provider_name":"Dialog - Verein f\u00fcr gleiche Rechte e.V.","provider_url":"https:\/\/dialogbrhv.de","author_name":"Webmaster","author_url":"https:\/\/dialogbrhv.de\/index.php\/author\/webmaster\/","title":"Impressionen vom Sommerfest 2025 - Dialog - Verein f\u00fcr gleiche Rechte e.V.","type":"rich","width":600,"height":338,"html":"<blockquote class=\"wp-embedded-content\"><a href=\"https:\/\/dialogbrhv.de\/index.php\/2025\/07\/04\/impressionen-vom-sommerfest-2025\/\">Impressionen vom Sommerfest 2025<\/a><\/blockquote>\n<script type='text\/javascript'>\n<!--\/\/--><![CDATA[\/\/><!--\n\t\t\/*! This file is auto-generated *\/\n\t\t!function(c,d){\"use strict\";var e=!1,n=!1;if(d.querySelector)if(c.addEventListener)e=!0;if(c.wp=c.wp||{},!c.wp.receiveEmbedMessage)if(c.wp.receiveEmbedMessage=function(e){var t=e.data;if(t)if(t.secret||t.message||t.value)if(!\/[^a-zA-Z0-9]\/.test(t.secret)){for(var r,a,i,s=d.querySelectorAll('iframe[data-secret=\"'+t.secret+'\"]'),n=d.querySelectorAll('blockquote[data-secret=\"'+t.secret+'\"]'),o=0;o<n.length;o++)n[o].style.display=\"none\";for(o=0;o<s.length;o++)if(r=s[o],e.source===r.contentWindow){if(r.removeAttribute(\"style\"),\"height\"===t.message){if(1e3<(i=parseInt(t.value,10)))i=1e3;else if(~~i<200)i=200;r.height=i}if(\"link\"===t.message)if(a=d.createElement(\"a\"),i=d.createElement(\"a\"),a.href=r.getAttribute(\"src\"),i.href=t.value,i.host===a.host)if(d.activeElement===r)c.top.location.href=t.value}}},e)c.addEventListener(\"message\",c.wp.receiveEmbedMessage,!1),d.addEventListener(\"DOMContentLoaded\",t,!1),c.addEventListener(\"load\",t,!1);function t(){if(!n){n=!0;for(var e,t,r=-1!==navigator.appVersion.indexOf(\"MSIE 10\"),a=!!navigator.userAgent.match(\/Trident.*rv:11\\.\/),i=d.querySelectorAll(\"iframe.wp-embedded-content\"),s=0;s<i.length;s++){if(!(e=i[s]).getAttribute(\"data-secret\"))t=Math.random().toString(36).substr(2,10),e.src+=\"#?secret=\"+t,e.setAttribute(\"data-secret\",t);if(r||a)(t=e.cloneNode(!0)).removeAttribute(\"security\"),e.parentNode.replaceChild(t,e)}}}}(window,document);\n\/\/--><!]]>\n<\/script><iframe sandbox=\"allow-scripts\" security=\"restricted\" src=\"https:\/\/dialogbrhv.de\/index.php\/2025\/07\/04\/impressionen-vom-sommerfest-2025\/embed\/\" width=\"600\" height=\"338\" title=\"&#8222;Impressionen vom Sommerfest 2025&#8220; &#8212; Dialog - Verein f\u00fcr gleiche Rechte e.V.\" frameborder=\"0\" marginwidth=\"0\" marginheight=\"0\" scrolling=\"no\" class=\"wp-embedded-content\"><\/iframe>","thumbnail_url":"https:\/\/dialogbrhv.de\/wp-content\/uploads\/2022\/03\/dialog_logo_300dpi.svg","thumbnail_width":210,"thumbnail_height":210,"description":"Am 21. Juni 2025 verwandelte sich unser Au\u00dfengel\u00e4nde in der Hansastra\u00dfe 2a in einen lebendigen Treffpunkt der Kulturen. Unter dem Motto \u201eF\u00fcr eine offene und solidarische Gesellschaft im Dialog\u201c kamen Nachbarinnen, Familien und Freundeskreise aus ganz Bremerhaven zusammen. Musik aus verschiedenen L\u00e4ndern, ein buntes Kinderprogramm, gemeinsames Essen aus aller Welt und viele Begegnungen machten deutlich, wie Vielfalt verbinden kann. Das Fest bildete zugleich den stimmungsvollen Abschluss des \u201eTags der offenen Gesellschaft\u201c in Bremerhaven und zeigte eindrucksvoll, dass Offenheit, Austausch und gemeinsames Feiern die beste Grundlage f\u00fcr eine solidarische Gemeinschaft sind."}

Dialog - Verein für gleiche Rechte e.V.

Impressionen vom Sommerfest 2025 - Dialog - Verein für gleiche Rechte e.V.

<blockquote class="wp-embedded-content"><a href="https://dialogbrhv.de/index.php/2025/07/04/impressionen-vom-sommerfest-2025/">Impressionen vom Sommerfest 2025</a></blockquote>
<script type='text/javascript'>
<!--//--><![CDATA[//><!--
		/*! This file is auto-generated */
		!function(c,d){"use strict";var e=!1,n=!1;if(d.querySelector)if(c.addEventListener)e=!0;if(c.wp=c.wp||{},!c.wp.receiveEmbedMessage)if(c.wp.receiveEmbedMessage=function(e){var t=e.data;if(t)if(t.secret||t.message||t.value)if(!/[^a-zA-Z0-9]/.test(t.secret)){for(var r,a,i,s=d.querySelectorAll('iframe[data-secret="'+t.secret+'"]'),n=d.querySelectorAll('blockquote[data-secret="'+t.secret+'"]'),o=0;o<n.length;o++)n[o].style.display="none";for(o=0;o<s.length;o++)if(r=s[o],e.source===r.contentWindow){if(r.removeAttribute("style"),"height"===t.message){if(1e3<(i=parseInt(t.value,10)))i=1e3;else if(~~i<200)i=200;r.height=i}if("link"===t.message)if(a=d.createElement("a"),i=d.createElement("a"),a.href=r.getAttribute("src"),i.href=t.value,i.host===a.host)if(d.activeElement===r)c.top.location.href=t.value}}},e)c.addEventListener("message",c.wp.receiveEmbedMessage,!1),d.addEventListener("DOMContentLoaded",t,!1),c.addEventListener("load",t,!1);function t(){if(!n){n=!0;for(var e,t,r=-1!==navigator.appVersion.indexOf("MSIE 10"),a=!!navigator.userAgent.match(/Trident.*rv:11\./),i=d.querySelectorAll("iframe.wp-embedded-content"),s=0;s<i.length;s++){if(!(e=i[s]).getAttribute("data-secret"))t=Math.random().toString(36).substr(2,10),e.src+="#?secret="+t,e.setAttribute("data-secret",t);if(r||a)(t=e.cloneNode(!0)).removeAttribute("security"),e.parentNode.replaceChild(t,e)}}}}(window,document);
//--><!]]>
</script><iframe sandbox="allow-scripts" security="restricted" src="https://dialogbrhv.de/index.php/2025/07/04/impressionen-vom-sommerfest-2025/embed/" width="600" height="338" title="&#8222;Impressionen vom Sommerfest 2025&#8220; &#8212; Dialog - Verein für gleiche Rechte e.V." frameborder="0" marginwidth="0" marginheight="0" scrolling="no" class="wp-embedded-content"></iframe>

Am 21. Juni 2025 verwandelte sich unser Außengelände in der Hansastraße 2a in einen lebendigen Treffpunkt der Kulturen. Unter dem Motto „Für eine offene und solidarische Gesellschaft im Dialog“ kamen Nachbarinnen, Familien und Freundeskreise aus ganz Bremerhaven zusammen. Musik aus verschiedenen Ländern, ein buntes Kinderprogramm, gemeinsames Essen aus aller Welt und viele Begegnungen machten deutlich, wie Vielfalt verbinden kann. Das Fest bildete zugleich den stimmungsvollen Abschluss des „Tags der offenen Gesellschaft“ in Bremerhaven und zeigte eindrucksvoll, dass Offenheit, Austausch und gemeinsames Feiern die beste Grundlage für eine solidarische Gemeinschaft sind.
